3. Is y(-5) a multiple of 2?
True
Let x(p) = -p**2 + 1. Let o(n) be the second derivative of n**4/12 - n**3/6 + n**2/2 + 2*n. Let c(t) = o(t) - x(t). Does 16 divide c(4)?
False
Suppose 0 = -b - 2*a + 7*a + 26, 3*a - 26 = -2*b. Let k = b - 4. Is k a multiple of 4?
True
Suppose 0*o - 6 = -2*o. Suppose -o*x - 9 = -5*u, -4*u + u + 9 = 0. Does 15 divide (x - 0/3) + 13?
True
Let b(l) = -l**3 - 9*l**2 + 10*l + 1. Let n be b(-10). Let w(d) = n + 0 + 12*d - 2*d. Is 25 a factor of w(6)?
False
Let j = 109 + -25. Does 14 divide j?
True
Suppose -910 = -3*p + 428. Is p a multiple of 51?
False
Let z(f) = -2 + 1 + 4*f + 29*f. Let k be z(1). Suppose -3*r + 0*p + 4*p = -k, -4*p + 8 = 2*r. Does 8 divide r?
True
Suppose 0 = -6*k + 4*k + 10. Does 5 divide k?
True
Let m = 24 + -10. Does 7 divide m?
True
Suppose 4*n + 4*k - 134 = 130, 4*k - 140 = -2*n. Is n a multiple of 13?
False
Let f be (-2)/(-6)*(1 - 1). Let n be f/(2*(-2)/2). Suppose n = -5*g + 55. Is 8 a factor of g?
False
Let c be 9/(-1) + 2*-1. Let r = c - -17. Is 6 a factor of r?
True
Let x = -3 + 23. Is x even?
True
Let f(s) = 11*s - 4. Let x be f(8). Suppose -27 - x = -3*a. Is 13 a factor of a?
False
Let k = -265 + 377. Let c be (2/5)/(5/(2 + 23)). Suppose 2*o + 2*o - k = -c*f, 4*f - 68 = -2*o. Is 13 a factor of o?
True
Suppose 0 = -0*u + 4*u - 12. Suppose -6*x = -u*x - 225. Does 20 divide x?
False
Let s = -1 + 11. Suppose -5*n = -3*n + 2*d - 16, d = n - s. Does 9 divide n?
True
Let d = 36 - 21. Suppose 5*r - 2*h = d, -r - 10 = 2*r - 5*h. Let l(t) = t**2 + 7. Does 16 divide l(r)?
True
Let q = 11 - 23. Is 24 a factor of (-861)/q + (-1)/(-4)?
True
Is 21 a factor of (-390)/45*(-42)/4?
False
Suppose -19 = -3*t + 4*o, -4*o + 48 + 11 = 3*t. Does 3 divide t?
False
Suppose w = -4*w - 3*n + 261, 12 = -4*n. Does 10 divide w?
False
Let k = -10 + 14. Suppose -p - k*h = 4, 2*p + 5*h + 20 = -3*p. Is 455/21 + p/6 a multiple of 9?
False
Let x = -2 - -7. Suppose -d - 3*d = 2*q - 66, x*d - 4*q - 50 = 0. Does 14 divide d?
True
Let t(d) = -3*d**2 - 2*d + 23. Let a(s) = s**2 + s - 8. Let n = 11 + -17. Let u(p) = n*t(p) - 17*a(p). Does 17 divide u(9)?
True
Let f be (2/(-2))/(1/7). Let l(d) = -5*d - 7. Is l(f) a multiple of 10?
False
Let j be (3 - 3) + 1*-9. Let t = 21 - j. Is 7 a factor of t?
False
Suppose -13*s = 4*s - 5525. Does 14 divide s?
False
Let r be (-24)/(-32) - 537/(-4). Suppose -5*p = -r - 45. Is p a multiple of 18?
True
Let g = -7 - -10. Suppose -4*j = -4*w - 176, 0*j - 5*j = -g*w - 222. Is j a multiple of 15?
True
Suppose -2*i - i = 0. Let l be (i - 1 - 0)*0. Suppose l = -6*y + 3*y + 84. Is y a multiple of 14?
True
Suppose 0*r + 20 = r + 5*c, 20 = 5*r + 5*c. Suppose 4*y - 184 = -r*y. Does 23 divide y?
True
Let q(y) = 35*y. Let b be q(7). Let j = b + -362. Let o = -77 - j. Is o a multiple of 11?
False
Let u = -6 + 14. Suppose 0 = o + o - u. Is o even?
True
Let f be 235/(-25) + 6/(-10). Let p = -10 - f. Let h = p + 5. Is 2 a factor of h?
False
Suppose -5 + 1 = l + 5*d, 5*d = -5. Let q = l - -39. Does 17 divide q?
False
Let t be (20/25)/(2/20). Does 7 divide (2/(-4))/(t/(-400))?
False
Let j = 74 + 16. Does 30 divide j?
True
Let a(h) = -2*h + 11. Let s be a(8). Let w = s + 7. Suppose -3*i = -3*v + 21 - 126, 0 = w*i - 3*v - 66. Is 16 a factor of i?
False
Suppose -1040 = -5*y - 3*y. Is 13 a factor of y?
True
Let o(j) = -6*j**3 - 3*j**2. Is o(-2) a multiple of 6?
True
Suppose 2*d - 5*r = -r - 16, -5*d + 3*r = 5. Is 17 a factor of (141/(-6))/(-1)*d?
False
Suppose 0 = 10*z - 1455 - 3235. Is 67 a factor of z?
True
Suppose -5*y + 3*h + h = -24, 0 = -2*y + 5*h - 4. Let d(p) = 3*p + 11. Is d(y) a multiple of 19?
False
Let w = 44 - 24. Suppose r - 7*m - 17 = -2*m, -4*m - w = -4*r. Does 2 divide r?
True
Let u(d) = d**3 - 6*d**2 + 4*d - 4. Is 3 a factor of u(7)?
False
Let v be (-3)/(3/(-2 - 1)). Let c(f) = f**2. Does 9 divide c(v)?
True
Let m(y) = y + 5. Let d be m(-13). Does 6 divide -4*(1 - (-20)/d)?
True
Let h(q) = -q**2 + 4*q. Let m be h(6). Let s(u) = -u**2 - 13*u - 14. Let g be s(m). Let b = 7 - g. Does 9 divide b?
True
Is (6 + 0 + -4)*14 a multiple of 12?
False
Let q be 15/(-1 + (-2 - -4)). Suppose -v + 4*v = -5*p + 39, -p - 3*v + q = 0. Does 6 divide p?
True
Let s(g) = 21*g**3 + g**2 - g + 1. Suppose 0 = -3*k - 9, 0*d + 2*k + 4 = 2*d. Let y be (d/(-2))/(8/16). Is s(y) a multiple of 11?
True
Let n(f) = -2*f + 3. Suppose -2*p + 3 - 17 = 0. Is 15 a factor of n(p)?
False
Suppose 25*i = 12*i + 1391. Is i a multiple of 10?
False
Let b(d) = 2*d**2 + 13*d - 9. Is b(-10) a multiple of 20?
False
Suppose -44*n = -46*n + 258. Is n a multiple of 31?
False
Let v(x) = 3*x**2 - 4*x + 4. Suppose -3*k = -4*k. Let d = 4 - k. Is v(d) a multiple of 18?
True
Suppose 0 = -2*h + 2*f + 8, 2*f = -h - 3*h + 10. Let y = -4 + h. Does 12 divide y/4 + (-105)/(-4)?
False
Suppose 5*l + 3*i - 52 = 0, -3*l - i + 27 + 5 = 0. Is l a multiple of 5?
False
Is (-3)/12 + 338/8 a multiple of 8?
False
Let a be 2 + 0 + -2 - 8. Let j(w) = -w**2 - 11*w + 7. Is 11 a factor of j(a)?
False
Let p be (-10)/(-8) - 6/(-8). Let q(n) be the third derivative of n**5/15 - n**4/24 + n**3/6 + 2*n**2. Does 8 divide q(p)?
False
Let t(u) = 2*u - 2. Let r be t(3). Let o(i) = 6*i - 5. Does 13 divide o(r)?
False
Is 14 a factor of 61/3*(-3)/(-1)?
False
Suppose 2*x - 3*x + 2 = 0. Suppose x*t = 2*z - 4, -4*z - 10 = -3*t - 5*z. Is t + (-6)/9*-6 even?
True
Suppose -x - 17 = -19. Suppose 3*w = -w + 8. Suppose x*u = -3*s + 28, w*u = 3*u + s - 14. Does 7 divide u?
True
Let t = 18 + -6. Suppose d + 73 - t = 3*l, -3*l = -4*d - 64. Is 10 a factor of l?
True
Let w(d) = 11*d**2 - d - 2. Suppose 0 = -3*r - 2*y - 1 + 10, -r + 4*y = -3. Suppose 7*z - r*z = 2*u, -2*z = 4*u - 20. Is 16 a factor of w(z)?
False
Suppose 0 = -m - 0*m + 123. Let p be (10/(-15))/(1/123). Let l = m + p. Does 11 divide l?
False
Let t = 3 - 1. Let r(g) be the third derivative of g**5/60 + 16*g**2. Is r(t) a multiple of 4?
True
Suppose -4 = -3*w + 2*w. Is w a multiple of 3?
False
Suppose -14*l + 11*l = 24. Let f = l + 21. Is f a multiple of 4?
False
Suppose -2*i + 2*n + 12 = 6*n, 0 = 4*n + 20. Suppose 5*o - i = o. Is o a multiple of 4?
True
Suppose 0 = 3*n - b + 2*b - 11, -2*n - 3*b = 2. Let f be (-282)/30 + 2/n. Let s = 3 - f. Is 6 a factor of s?
True
Let d be (0 + 3)*(-9)/3. Let t be (-34)/d - (-2)/9. Suppose t*j + 0*p + p - 54 = 0, 0 = -p + 2. Is j a multiple of 10?
False
Let n(g) = g**3 - 4*g**2 - 4*g - 5. Let o be n(5). Is 13 a factor of 13/4*(8 + o)?
True
Suppose 3*h + 13 = 6*g - 5*g, -21 = -g - 5*h. Is 6 a factor of g?
False
Suppose -4*c + p = -109, -3*c = 2*c - 5*p - 155. Is c a multiple of 13?
True
Let p be 3/(-6) + 10/(-4). Does 10 divide -2 - -1*(16 + p)?
False
Suppose 3*f - z = -4*z + 75, 20 = 2*f - 4*z. Let b = 37 - f. Is 6 a factor of b?
False
Suppose 0 = 3*v + 9, -8*q - 3*v + 246 = -3*q. Is q a multiple of 17?
True
Suppose -5*f = -2*v - 19 - 8, 28 = 5*f - 3*v. Suppose f*i + 128 = 3*n, 4*n + 0*i - i = 165. Suppose 2*c - 25 = k, -4*c - k = -0*k - n. Is 5 a factor of c?
False
Let i = -601 + 865. Is i a multiple of 12?
True
Let v = 15 - -25. Suppose 4*n - 4*a - 1 = 31, 0 = -5*n + a + v. Let g(d) = 2*d + 2. Does 18 divide g(n)?
True
Let i(u) = u**3 - u**2 + 2*u + 34. Is 17 a factor of i(0)?
True
Let n be (72/15)/((-9)/(-60)). Let k = n + 2. Is k a multiple of 17?
True
Let u(j) = j**2 + 3*j + 5. Let s = -13 + 8. Is u(s) a multiple of 15?
True
Suppose -5*l = 3*p - 24, -3*l + 0*l = 5*p - 24. Suppose p*g - 36 = -5*k, -4*k + 2*g + 45 = -g. Is 6 a factor of k?
False
Let x = 4 - 3. Suppose -t - 3*i = x, -5*i = -2*t + 7 + 2. Suppose t*j = -2*j + 40. Does 6 divide j?
False
Let i(f) = 3*f - 5. Does 16 divide i(7)?
True
Let g = 6 + -4. Let h = -31 - -19. Does 8 divide (-129)/h + g/8?
False
Let v = 10 - -26. Let i(x) = -x**3 - 4*x**2 + 2*x. Let m be i(-4). Let h = v + m. Is h a multiple of 14?
True
Suppose 0 = 2*v - 3*v. Suppose v = 5*r - 5*g - 123 - 107, 3*g = -5*r + 198. Does 14 divide r?
True
Is 20 a factor of 1/1*(-60)/(-3)?
True
Is -30*4/(-8)*1 a multiple of 5?
True
Suppose 5*u - 140 = -0*u - 5*v, 0 = 5*u + 4*v - 143. Does 19 divide u?
False
Let c = 4 + -2. Let w be (-8)/(10/4 + -3). Let g = w + c. Is g a multiple of 17?
False
Suppose -2*q - 2 = 0, 2*l + 10 = -5*q - 1. Does 12 divide l/(9/(-60)*1)?
False
Suppose -4*k + 3*